he greatest common factor of v and u.
34
Let j = -12076 - -12089. Let o be (-6)/21 - (-1460)/14. Calculate the highest common divisor of j and o.
13
Suppose 0*f + 63 = -f. Let j = f - -66. Suppose -j*u - 24 + 129 = 0. What is the highest common divisor of 35 and u?
35
Let p be (-11 + 17)*(-2)/(-4). Suppose -p*g + q - 12 + 32 = 0, 4 = -2*q. What is the highest common divisor of g and 192?
6
Let c(h) = 4*h**2 - 12*h - 15. Let x(z) = -18*z + 10. Let s be x(0). Let p be c(s). Calculate the highest common factor of 5 and p.
5
Let x be 38/14 + (-4)/(-14). Let w = 136 - 131. Suppose c - w = -2. Calculate the highest common factor of c and x.
3
Suppose 0 = -8*f - 10*f + 36. Suppose -2*w = f*j - 26, -2*j + 19 = -4*w - 19. What is the greatest common factor of 240 and j?
15
Let t(f) = -12*f**2 + 93*f + 14. Let x be t(7). Suppose -4*s - 4*w - 114 = -9*s, -s - 2*w + 20 = 0. Calculate the highest common factor of x and s.
11
Let r be 4/5 - (7 + (-180)/25). Calculate the highest common divisor of r and 181.
1
Let h be 2 - (-4 + 0)*1. Let n be (h + -4)*(-5)/(-2). Suppose n = j - 2. Calculate the highest common divisor of j and 77.
7
Suppose -19*o + 20*o - 1326 = -3*j, 0 = 8*o + 5*j - 10741. What is the greatest common divisor of 9 and o?
3
Let p = -29746 - -30306. Calculate the highest common factor of 1280 and p.
80
Suppose 0 = -309*s + 314*s - 25. Suppose -5*i = -5*k + 315, k + 0*i - 93 = -s*i. Calculate the highest common divisor of k and 85.
17
Let l(n) = -713*n - 146. Let r be l(-8). Suppose -25*z - r = -27983. Calculate the highest common divisor of 39 and z.
39
Let d be (-12)/((-2)/(-28) + (-3713)/33558). Calculate the highest common divisor of 68 and d.
34
Let g be 3/12 + 142/8. Suppose -14 - g = -3*p - 2*k, 3*p = 5*k + 67. Suppose 0 = 40*l - 2474 - 3686. What is the highest common divisor of l and p?
14
Let u = 13417 + -13312. What is the greatest common factor of 87 and u?
3
Let c(n) = n. Let l(y) = 26. Let q(z) = -10*c(z) - l(z). Let p be (1 - 21 - 0)*(-6)/(-15). Let f be q(p). What is the greatest common divisor of 36 and f?
18
Let l(h) = 6*h**3 + 6*h**2 - 15*h - 8. Let f be l(-5). Let g = f + 536. Calculate the greatest common divisor of g and 33.
3
Let i(c) = -5*c**3 + 136*c**2 - 41. Let k be i(27). Calculate the greatest common divisor of k and 43.
43
Let a(m) = 3*m**2 - 12*m + 39. Let z be a(5). What is the greatest common factor of z and 549?
9
Let g be (4 + -11)/(-21) + 35741/3. Suppose 96*b = 89*b + g. Calculate the greatest common divisor of 23 and b.
23
Suppose -3*j - 5*d = -30, 20 = 5*j - 3*j + 5*d. Suppose j*n = n + 234. What is the greatest common divisor of n and 65?
13
Let p(i) = -i**3 - 11*i**2 - 14*i - 35. Let z be p(-10). Suppose -z = 5*d, -13*t - 3*d + 21 = -11*t. What is the highest common divisor of 588 and t?
12
Suppose -694 = -11*a + 10. Let n(q) = -46*q - 134. Let o be n(-5). Calculate the highest common factor of a and o.
32
Let m(v) = -17*v + 5. Let i be m(-5). Let j = 9814 + -9754. What is the highest common factor of j and i?
30
Suppose 5*q - 1595 = 4*f - 8*f, 0 = 5*f + 3*q - 2010. Suppose 5*p = 2*p, -3*y = 2*p - f. Calculate the highest common divisor of y and 180.
45
Let z be ((-496)/(-93))/((-6)/(-324)). Calculate the greatest common divisor of z and 40.
8
Let k be 1055 + 40 + 5 + 2. Calculate the greatest common factor of k and 464.
58
Let h = -2292 - -1286. Let t = -304 - h. What is the greatest common factor of t and 26?
26
Let x(k) = 58 - 1 + 126 - 7*k. Let s be x(-9). What is the highest common factor of 410 and s?
82
Let n(o) = o**2 - 14*o + 16. Suppose c - 45 = -4*i + 4, -5*c = -5*i + 80. Let f be n(i). What is the highest common factor of 321 and f?
3
Suppose -12*m = 3686 + 4198. Let s = -349 - m. Calculate the highest common factor of s and 84.
28
Let w = 2184 - 2077. Calculate the greatest common factor of w and 17869.
107
Let h(y) = y**2 - 25*y + 920. Let p be h(46). Calculate the highest common factor of 820 and p.
82
Let s = 2454 - 1466. What is the highest common divisor of s and 2736?
76
Suppose 5*z + 1111 = 73*z - 317. Calculate the highest common factor of z and 3395.
7
Let s(c) = -c**3 + 14*c**2 + 28*c - 296. Let t be s(10). Calculate the greatest common factor of 9 and t.
3
Suppose 0 = 71*j - 68*j + 84. Let v be 1/(-4)*-141 - (-8)/(-32). Let t = v + j. Calculate the highest common factor of 1 and t.
1
Suppose 4*p - l + 5*l - 212 = 0, -4*l = -5*p + 220. What is the greatest common divisor of p and 222?
6
Suppose -793 = 216*x - 2737. What is the greatest common factor of 3 and x?
3
Suppose 3*s - 2401 = -3*q + 599, 5*q = 2*s - 1944. What is the greatest common factor of s and 352?
32
Suppose -5*b + 12*j + 4305 = 17*j, 0 = 2*j - 14. What is the highest common factor of b and 5246?
122
Suppose -16*u - 41 = -665. Calculate the highest common factor of u and 4017.
39
Let f(i) = 129*i - 5. Let l be f(1). Let z(y) = 4*y - 68. Let b be z(30). Let p = b + l. Calculate the highest common divisor of p and 22.
22
Let f be (0 - -117) + 0/1. Let h(z) = 300*z + 12652. Let r be h(-42). Calculate the greatest common divisor of f and r.
13
Let i(t) = 5*t - 19. Let h be i(6). Suppose 2*q + 5*w + 204 = 0, 3*w = 2*q + 32 + 172. Let u = -3 - q. Calculate the greatest common factor of h and u.
11
Suppose 4*u = 2*v - 9838, 49*v - 51*v + u = -9853. What is the greatest common factor of 318 and v?
159
Let g(s) = -151*s**3 + 12*s**2 - 5*s - 27. Let u be g(-3). What is the highest common divisor of u and 117?
39
Suppose 0 = -19*w - 6824 + 24285. Suppose 0 = 5*a + t - w, -t + 550 = 3*a + t. What is the greatest common factor of 92 and a?
92
Let m(l) = 3*l**2 - 6*l + 6. Let f be m(6). Let w = -3894 - -3900. Calculate the greatest common divisor of w and f.
6
Let q = -522 + 547. Suppose 10 + 4 = 2*j. Let o(l) = 29*l - 3. Let z be o(j). What is the highest common divisor of q and z?
25
Suppose j + 2*w + 48 + 433 = 0, -4*j = 3*w + 1939. Let o = 672 - -39. Let f = j + o. What is the highest common factor of f and 14?
14
Let f(c) = 6*c**2 + 20*c - 68. Let q(p) = -5*p**2 - 19*p + 67. Let t(u) = 4*f(u) + 5*q(u). Let j be t(-18). What is the greatest common divisor of j and 18?
9
Suppose -40*i - 678 + 5415 = -1143. Let j(k) = 13*k + 3. Let g be j(3). What is the highest common factor of g and i?
21
Let d be 3*((-55)/(-15) + 5). Suppose 0 = 3*f + 10*f - d. Suppose f*g + 5*t + 323 = 5*g, -209 = -2*g - 3*t. What is the greatest common factor of 265 and g?
53
Suppose 2*i + 322 = -4*q, -i = -4*q + 5*q + 79. Let a = 173 + q. What is the highest common factor of 7 and a?
7
Suppose 48 = 17*l - 5*l. Let j be 35616/180 - l/(-30). What is the greatest common factor of j and 36?
18
Let n = -142178 + 142193. Let r be 3*2 - (-1 - -1). What is the greatest common factor of r and n?
3
Let a be 10/(-6) - (25 + (-7224)/63). What is the greatest common factor of a and 110?
22
Suppose -2*s - 2 + 42 = 0. Let i be (28/70)/(2/s). Suppose 48 = 10*w - i*w. Calculate the greatest common divisor of 1 and w.
1
Let i(u) = -2*u**3 + 45*u**2 + 6*u + 578. Let a be i(23). Let t = -24 + 109. Calculate the greatest common factor of t and a.
17
Let y be 15 + 10 - 3/1. Let a(f) = -9*f - 3 + 16*f + y*f + 15*f. Let v be a(2). What is the greatest common divisor of v and 17?
17
Let m(p) = p**2 - 17*p + 64. Let b be m(12). Suppose 4*f = 5*j + 25, -b*j + 8*j = 12. Calculate the highest common factor of f and 390.
10
Let t be (31 + -3)/(-4) - -1014 - (-2 + 9). What is the highest common divisor of t and 320?
40
Suppose -10*c + 6125 = -3*c. Suppose -5*f + 5*m + c = 0, 0 = f + f - 5*m - 353. Suppose -a + 69 = -f. What is the highest common factor of 27 and a?
27
Let i be -3 + (-4)/(-8)*10. Suppose i*k - 7*k + d + 237 = 0, -2*k + 98 = -2*d. Let c = k + -42. What is the highest common factor of c and 10?
5
Let l = -7340 + 7924. What is the highest common factor of 1095 and l?
73
Let k = 394 + -386. Let p be 174 + (9 - k) + -3. What is the highest common divisor of 258 and p?
86
Let x = -50 + 28. Let q be (0 - 1)*(-1386)/x. Let w = 75 + q. What is the highest common factor of 6 and w?
6
Suppose 257 = 16*d - 271. Suppose 4*z - d = -k + 24, 2*k = 2. Calculate the greatest common divisor of 616 and z.
14
Suppose -y + 21 = 20, -2*z + 93 = -5*y. Calculate the greatest common factor of